{"id":13,"date":"2013-02-21T22:59:21","date_gmt":"2013-02-21T21:59:21","guid":{"rendered":"http:\/\/naturheilpraxis-budde.de\/wp\/?page_id=13"},"modified":"2026-03-29T10:52:21","modified_gmt":"2026-03-29T09:52:21","slug":"therapien","status":"publish","type":"page","link":"https:\/\/www.naturheilpraxis-budde.de\/?page_id=13","title":{"rendered":"Therapien"},"content":{"rendered":"<p><strong>Behandlungsarten und Arzneien<\/strong><\/p>\n<p><img loading=\"lazy\" decoding=\"async\" class=\"alignleft  wp-image-154\" src=\"http:\/\/naturheilpraxis-budde.de\/wp\/wp-content\/uploads\/2013\/02\/globuli.jpg\" alt=\"Globuli_Fl\u00e4schchen\" width=\"236\" height=\"157\" srcset=\"https:\/\/www.naturheilpraxis-budde.de\/wp\/wp-content\/uploads\/2013\/02\/globuli.jpg 425w, https:\/\/www.naturheilpraxis-budde.de\/wp\/wp-content\/uploads\/2013\/02\/globuli-300x199.jpg 300w\" sizes=\"auto, (max-width: 236px) 100vw, 236px\" \/>Die Arzneien sind aus dem Bereich der Hom\u00f6opathie, (Stoffe, aus dem Mineralreich, dem Tier- und Pflanzenreich in verd\u00fcnnter aufgeschlossener Form) der Pflanzenheilkunde, Spagyrik, der \u00e4therischen \u00d6le und bew\u00e4hrter vertr\u00e4glicher Einzelstoffe gew\u00e4hlt. Auch kommt die Biochemie, nach Dr. Sch\u00fcssler, zur Anwendung.<\/p>\n<p>Ganz im Allgemeinen dienen die biologischen Arzneien in meiner Praxis zur Steigerung der Widerstandskraft der Organe gegen Erkrankungen, zur Entgiftung, sowie zur Leistungssteigerung und Regeneration.<\/p>\n<p>Es kommen in meiner Praxis auch <strong><span style=\"font-family: Montserrat;\">HOBU-SAN Complexmittel <\/span><\/strong>zum Einsatz. <span style=\"font-family: Montserrat;\"><strong>HOBU<\/strong>&#8211;<\/span><strong>SANE<\/strong> sind hom\u00f6opathische Arzneistoffkombinationen, die sowohl bei verschiedenen akuten wie auch chronischen Erkrankungen wirksam sind, ein breites Anwendungsspektrum aufweisen und <strong>speziell nach den <span style=\"font-family: Montserrat;\">individuellen Erfordernissen und Bed\u00fcrfnissen des Patienten angefertigt werden.<\/span><\/strong><\/p>\n<p>Naturheilkundliche Therapien zielen im Gegensatz zu symptomatischen Behandlungen immer auf die Ursachen. Verst\u00e4ndlicherweise nimmt die in der Regel etwas mehr Zeit in Anspruch, als z.B. eine konventionelle, symptomatische Schmerzbehandlung. Es kann auch vorkommen, dass anf\u00e4nglich so genannte Erstverschlimmerungen auftreten, die aber in der Regel ein Zeichen des einsetzenden Heilungsprozesses darstellen.<\/p>\n<p><strong>Behandlungskonzepte:<\/strong><\/p>\n<p>&#8211; Behandlung chronischer Erkrankungen<\/p>\n<p>&nbsp;&#8211; Entgiftungs- und Regenerationstherapien<\/p>\n<p>&#8211;&nbsp; biologische Immuntherapie<\/p>\n<p>&#8211;&nbsp; Schmerztherapien z.B.: Akupunktur, Lasertherapie, i.c. Neuraltherapie<\/p>\n<p>&nbsp;&#8211; <strong>sanfte Wirbeltherapie nach Dorn\/<span style=\"font-family: Montserrat;\"> Schr\u00f6pfkopftherapie \/ Vitalmassagen<\/span><\/strong><\/p>\n<ul>\n<li><strong><span style=\"font-family: Montserrat;\">Chiropraktik<\/span><\/strong><\/li>\n<li><strong><span style=\"font-family: Montserrat;\">Atlastherapie<\/span><\/strong><\/li>\n<\/ul>\n<p>&#8211; Behandlung von Angstst\u00f6rungen<\/p>\n<p>&#8211; Raucherentw\u00f6hnung<\/p>\n<p>&nbsp;<\/p>\n<p><strong>Erkl\u00e4rung der Behandlungskonzepte:<\/strong><\/p>\n<p>Die <strong>Akupunktur<\/strong> hat zur Absicht, gestaute oder fehlgeleitete Energiestr\u00f6me im K\u00f6rper in richtige Bahnen zu lenken. Damit werden chronische Schmerzen erfolgreich angegangen.<\/p>\n<p>In meiner Praxis werden vor Allem folgende Formen ausge\u00fcbt:<\/p>\n<p>Nadelung der Punkte in der Ohrmuschel durch Laserakupunktur, oder als <span style=\"font-family: Montserrat; font-size: 17px;\"><strong>Injekto-Akupunktur<\/strong> (Injektionen von Hom\u00f6opathica in bestimmte chinesisc<span style=\"font-size: 16px;\">he Akupunkturpunkte)<\/span><span style=\"font-size: 16px;\">.<\/span><\/span><span style=\"font-size: 16px;\"> Diese Methode ist sehr effektiv bei akuten<\/span> Schmerzzust\u00e4nden in der Muskulatur und bei chronischen Schmerzen. Die Hom\u00f6o-Akupunktur bietet verschiedene Vorteile. So kann die lokale Wirkung am Akupunkturpunkt durch die gesetzte Quaddel verst\u00e4rkt werden. Zudem l\u00e4sst sich durch die <strong>Injektion der h\u00f6m\u00f6ophatischen Injektionsmittel<\/strong> eine Punktstimulation f\u00fcr einen l\u00e4ngeren Zeitraum erreichen. Die Injektion in den Akupunkturpunkt belastet den Patienten nicht mehr als eine normale Akupunktursitzung, weist aber h\u00e4ufig einen st\u00e4rkeren Effekt auf.<\/p>\n<p><img loading=\"lazy\" decoding=\"async\" class=\"alignleft  wp-image-146\" src=\"http:\/\/naturheilpraxis-budde.de\/wp\/wp-content\/uploads\/2013\/02\/05_Neuraltherapie1.jpg\" alt=\"05_Neuraltherapie1\" width=\"226\" height=\"151\">Zur Schmerztherapie wird die i.c. <strong>Neuraltherapie nach Huneke<\/strong> eingesetzt. Mit Procain-Injektion werden bestimmte St\u00f6rfelder ausgeschaltet und die damit verbundenen Schmerzen klingen rasch ab.<\/p>\n<p>&nbsp;<\/p>\n<p>&nbsp;<\/p>\n<p><strong>Softlasertherapie&nbsp; &nbsp;<\/strong>Der Einsatz von <strong>Softlasertherapien , die bei der Low-Level-Lasertherapie<\/strong> (LLLT) eingesetzt werden, sind innovative medizinische Ger\u00e4te, die zur Behandlung einer Vielzahl von Beschwerden genutzt werden k\u00f6nnen. Diese Therapie verwendet niedrigintensives Laserlicht, um biochemische Ver\u00e4nderungen in den Zellen stimulieren zu k\u00f6nnen. Dabei k\u00f6nnen Softlaser unterst\u00fctzend zur Behandlung von Muskel-Skelett-Erkrankungen, Sportverletzungen, Hautproblemen und sogar kosmetischen Problemen wie Akne und Falten eingesetzt werden. Die Vielseitigkeit und Sicherheit der Low-Level-Lasertherapie kann den Softlaser zu einer wertvollen Erg\u00e4nzung in der modernen Medizin machen.Laserstrahlung hat auch eine tiefgreifende Wirkung auf einzelne Blutzellen. Laserlicht erh\u00f6ht die Sauerstoff- und N\u00e4hrstofftransportkapazit\u00e4t der roten Blutk\u00f6rperchen erheblich. Dies erm\u00f6glicht eine erh\u00f6hte Energieproduktion, einen verbesserten Stoffwechsel und damit eine Regeneration der Zellen sowie eine effizientere Produktion bestimmter Enzyme. Die Wirkung ist im ganzen K\u00f6rper sp\u00fcrbar und nicht nur an den mit Laserlicht behandelten Stellen.<\/p>\n<p>Die <strong>Dorntherapie<\/strong> ist eine sanfte, nebenwirkungsfreie Behandlungsmethode bei <strong>Fehlstellungen der Wirbelk\u00f6rper<\/strong>. Mit sanftem Druck und beinahe schmerzlos reponiert der Therapeut die fehlgestellten Wirbelk\u00f6rper wieder auf ihre eigentliche Position und sorgt damit f\u00fcr Schmerz- und Bewegungsfreiheit des R\u00fcckens, der Schulter, des Nackens, der H\u00fcfte und des Beckens.<\/p>\n<p><strong>Klassische medizinische Massagen<\/strong>&nbsp;<strong>mit Einreibungen pflanzlicher Salben<\/strong> runden das Therapieangebot ab und sorgen f\u00fcr nachhaltige Entspannung der verkrampften Muskulatur.Die <strong>physikalische Methode des Schr\u00f6pfens<\/strong> soll die Selbstheilungskr\u00e4fte des K\u00f6rpers aktivieren und st\u00e4rken und damit auch sein Immunsystem gegen Krankheiten optimieren. Die Behandlung setzt sich aus zwei Komponenten zusammen:<\/p>\n<p>&#8211; der sogenannten Segmenttherapie und<br \/>\n&#8211; der Umstimmungstherapie.<\/p>\n<p>Mit der Breu\u00df-Massage wird Einfluss auf gesch\u00e4digte Bandscheiben genommen und die urspr\u00fcngliche Beweglichkeit der Wirbelk\u00f6rper wieder hergestellt.<\/p>\n<p><img loading=\"lazy\" decoding=\"async\" class=\"alignleft  wp-image-149\" src=\"http:\/\/naturheilpraxis-budde.de\/wp\/wp-content\/uploads\/2013\/02\/schroepfen-schroepfkopf-massage-klein.jpg\" alt=\"schroepfen-schroepfkopf-massage-klein\" width=\"224\" height=\"150\">Als klassische Ausleitungsverfahren haben sich die<strong><span style=\"font-family: Montserrat;\"> Schr\u00f6pfkopf-Therapie <\/span><\/strong>und das <strong>Baunscheidtieren<\/strong> bew\u00e4hrt.Die Schr\u00f6pfkopfmassage erfreut sich gro\u00dfer Beliebtheit, da sie zahlreiche positive Auswirkungen auf den K\u00f6rper hat. Vor allem f\u00f6rdert diese Massageart die Blut- und Lymphzirkulation. Auf diese Weise kann der K\u00f6rper Abfallprodukte des Stoffwechsels einfacher loswerden.<\/p>\n<p>Zus\u00e4tzlich f\u00f6rdert die<strong> <span style=\"font-family: Montserrat;\">Schr\u00f6pfkopfmassage<\/span><\/strong> die k\u00f6rpereigenen Selbstheilungs-kr\u00e4fte und st\u00e4rkt das Immunsystem. Regelm\u00e4\u00dfiges Schr\u00f6pfen kann das Hautbild verbessern, indem es die Durchblutung anregt und die Haut straffer und elastischer macht. Dies ist f\u00fcr die Behandlung von z.B. <a href=\"https:\/\/shop.backlaxx.com\/blogs\/schroepfen\/cellulite\" target=\"_self\">Cellulite<\/a>&nbsp;sehr hilfreich.<br \/>\nBei der erstgenannten Behandlung werden Schr\u00f6pfk\u00f6pfe auf den Head&#8217;schen Zonen angebracht, dadurch werden Stauungen und Verspannungen angegangen. Die Baunscheidt-Therapie kann auch auf Reflexzonen erfolgen und hat ihre St\u00e4rke bei Gelenkentz\u00fcndungen, die an die Hautoberfl\u00e4che ausgeleitet werden.<\/p>\n<p><img loading=\"lazy\" decoding=\"async\" class=\"alignleft  wp-image-151\" src=\"http:\/\/naturheilpraxis-budde.de\/wp\/wp-content\/uploads\/2013\/02\/asd.jpg\" alt=\"asd\" width=\"235\" height=\"157\" srcset=\"https:\/\/www.naturheilpraxis-budde.de\/wp\/wp-content\/uploads\/2013\/02\/asd.jpg 560w, https:\/\/www.naturheilpraxis-budde.de\/wp\/wp-content\/uploads\/2013\/02\/asd-300x199.jpg 300w\" sizes=\"auto, (max-width: 235px) 100vw, 235px\" \/>Bei Gelenkfehlstellungen kommt in meiner Praxis eine <strong>sanfte Chiropraktik<\/strong> zum Einsatz. Durch sanften Druck oder Zug wird das fehlgestellte Gelenk wieder in eine schmerzfreie Ausgangs-position bewegt. Dazu setze ich auch die <strong>amerikanische Activatortechnik<\/strong> ein, mit der <strong>besonders schonend<\/strong> auch bei \u00e4lteren Menschen und Kindern Gelenkfehlstellungen behoben werden.<\/p>\n<p>&nbsp;<\/p>\n<p>&nbsp;<\/p>\n<p><img loading=\"lazy\" decoding=\"async\" class=\"alignleft  wp-image-152\" src=\"http:\/\/naturheilpraxis-budde.de\/wp\/wp-content\/uploads\/2013\/02\/infusion_fotolia_rob-byron.jpg\" alt=\"IV Bag\" width=\"227\" height=\"152\">Bei Ersch\u00f6pfungs- und Mangelzust\u00e4nden, sowie bei st\u00e4ndigen Stresssituationen werden durch Entgiftungs- und Regenerationskuren und durch <strong>Vitamin C-Hochdosisinfusionstherapien<\/strong> dem Organismus lebensnotwendige Mineralstoffe zugef\u00fchrt und so eine schnelle Regeneration erreicht.<\/p>\n<p>&nbsp;<\/p>\n<p><strong>Seri\u00f6se naturheilkundliche Behandlung bedeutet ganzheitliche Behandlung<\/strong>. Es ist daher selbstverst\u00e4ndlich, dass in der Therapie auch auf eventuelle vegetative oder seelische Probleme im Rahmen einer Gespr\u00e4chstherapie eingegangen werden kann.<\/p>\n<p>&nbsp;<\/p>\n","protected":false},"excerpt":{"rendered":"<p>Behandlungsarten und Arzneien Die Arzneien sind aus dem Bereich der Hom\u00f6opathie, (Stoffe, aus dem Mineralreich, dem Tier- und Pflanzenreich in verd\u00fcnnter aufgeschlossener Form) der Pflanzenheilkunde, Spagyrik, der \u00e4therischen \u00d6le und bew\u00e4hrter vertr\u00e4glicher Einzelstoffe gew\u00e4hlt. Auch kommt die Biochemie, nach Dr. &hellip; <a href=\"https:\/\/www.naturheilpraxis-budde.de\/?page_id=13\">Weiterlesen <span class=\"meta-nav\">&rarr;<\/span><\/a><\/p>\n","protected":false},"author":1,"featured_media":0,"parent":0,"menu_order":4,"comment_status":"closed","ping_status":"closed","template":"","meta":{"ngg_post_thumbnail":0,"footnotes":""},"class_list":["post-13","page","type-page","status-publish","hentry"],"_links":{"self":[{"href":"https:\/\/www.naturheilpraxis-budde.de\/index.php?rest_route=\/wp\/v2\/pages\/13","targetHints":{"allow":["GET"]}}],"collection":[{"href":"https:\/\/www.naturheilpraxis-budde.de\/index.php?rest_route=\/wp\/v2\/pages"}],"about":[{"href":"https:\/\/www.naturheilpraxis-budde.de\/index.php?rest_route=\/wp\/v2\/types\/page"}],"author":[{"embeddable":true,"href":"https:\/\/www.naturheilpraxis-budde.de\/index.php?rest_route=\/wp\/v2\/users\/1"}],"replies":[{"embeddable":true,"href":"https:\/\/www.naturheilpraxis-budde.de\/index.php?rest_route=%2Fwp%2Fv2%2Fcomments&post=13"}],"version-history":[{"count":71,"href":"https:\/\/www.naturheilpraxis-budde.de\/index.php?rest_route=\/wp\/v2\/pages\/13\/revisions"}],"predecessor-version":[{"id":1797,"href":"https:\/\/www.naturheilpraxis-budde.de\/index.php?rest_route=\/wp\/v2\/pages\/13\/revisions\/1797"}],"wp:attachment":[{"href":"https:\/\/www.naturheilpraxis-budde.de\/index.php?rest_route=%2Fwp%2Fv2%2Fmedia&parent=13"}],"curies":[{"name":"wp","href":"https:\/\/api.w.org\/{rel}","templated":true}]}}