{"id":16,"date":"2013-02-21T23:00:00","date_gmt":"2013-02-21T22:00:00","guid":{"rendered":"http:\/\/naturheilpraxis-budde.de\/wp\/?page_id=16"},"modified":"2026-04-05T10:09:55","modified_gmt":"2026-04-05T09:09:55","slug":"organisatorisches","status":"publish","type":"page","link":"https:\/\/www.naturheilpraxis-budde.de\/?page_id=16","title":{"rendered":"Organisatorisches"},"content":{"rendered":"\n<p><span style=\"font-family: Montserrat;\">Me<\/span>ine Praxis ist von der Terminvergabe eine Bestellpraxis, ich vereinbare Termine mit Ihnen individuell nach Absprache. <em>Die vereinbarten Termine, auch die telefonischen, sind verbindlich ! &nbsp;<\/em><strong><br><\/strong><\/p>\n\n\n\n<p><span style=\"font-family: Montserrat;\">Sprechzeiten habe ich bisher &#8211; um Wartezeiten so weit wie m\u00f6glich zu vermeiden &#8211; stets individuell vereinbart. Dies setzt allerdings voraus, dass die vereinbarten Termine p\u00fcnktlich eingehalten werden, andernfalls entstehen f\u00fcr mich Leerlaufzeiten &#8211; verbunden mit unn\u00f6tigen Kosten. Deshalb die herzliche Bitte an Sie: Informieren Sie mich <strong>im Verhinderungsfall bitte fr\u00fchzeitig <\/strong>(m\u00f6glichst 24 Stunden vor dem Termin). Dann entstehen keine Ausfallkosten und Ihr Termin kann noch anderweitig vergeben werden!<\/span><\/p>\n\n\n\n<p><span style=\"font-family: Montserrat;\">Andernfalls sehe ich mich gezwungen, eine Terminausfallpauschale von bis zu 35.- \u20ac in Rechnung stellen zu m\u00fcssen.<\/span><\/p>\n\n\n\n<p class=\"has-text-align-left\"><span style=\"font-family: Montserrat; font-size: 16px;\"><strong>Terminanfragen und kurze Beratungsanrufe bitte am besten nur telefonisch am Montag, Dienstag und Donnerstag zwischen 9:00 und 10:00 Uhr.<\/strong><\/span><\/p>\n\n\n\n<p class=\"has-text-align-left\">Nur so kann ich meine Praxisarbeit auch k\u00fcnftig alleine (und ohne Unterbrechung durch h\u00e4ufige Telefonate) bew\u00e4ltigen!<\/p>\n\n\n\n<p class=\"has-text-align-left\"><\/p>\n\n\n<div class=\"wp-block-image\">\n<figure class=\"alignleft is-resized\"><a href=\"http:\/\/naturheilpraxis-budde.de\/wp\/wp-content\/uploads\/2013\/02\/telefon.jpg\"><img loading=\"lazy\" decoding=\"async\" width=\"101\" height=\"85\" src=\"http:\/\/naturheilpraxis-budde.de\/wp\/wp-content\/uploads\/2013\/02\/telefon.jpg\" alt=\"telefon\" class=\"wp-image-104\" style=\"aspect-ratio:1.1882010952476194;width:112px;height:auto\"\/><\/a><\/figure>\n<\/div>\n\n\n<div class=\"wp-block-columns is-layout-flex wp-container-core-columns-is-layout-9d6595d7 wp-block-columns-is-layout-flex\">\n<div class=\"wp-block-column is-layout-flow wp-block-column-is-layout-flow\" style=\"flex-basis:100%\"><p class=\"fonts-plugin-block \"><strong><em>Sie k\u00f6nnen aber jederzeit auf meinen Anrufbeantworter sprechen. Nennen Sie dann bitte Ihren Namen, Ihre Telefonnummer und den Grund Ihres Anrufes. Ich werde dann so bald wie m\u00f6glich zur\u00fcckrufen. Der Anrufbeantworter ist dauernd eingeschaltet.<br><\/em> <\/strong>\u00a0 \u00a0 \u00a0 \u00a0 \u00a0 \u00a0 \u00a0 \u00a0                                      <mark class=\"has-inline-color has-blue-color\"><strong> Telefon: 02761\/62267<\/strong><\/mark><\/p><\/div>\n<\/div>\n\n\n\n<p class=\"has-text-align-left\">\u00a0\u00a0\u00a0\u00a0<\/p>\n\n\n\n<p><\/p>\n","protected":false},"excerpt":{"rendered":"<p>Meine Praxis ist von der Terminvergabe eine Bestellpraxis, ich vereinbare Termine mit Ihnen individuell nach Absprache. Die vereinbarten Termine, auch die telefonischen, sind verbindlich ! &nbsp; Sprechzeiten habe ich bisher &#8211; um Wartezeiten so weit wie m\u00f6glich zu vermeiden &#8211; &hellip; <a href=\"https:\/\/www.naturheilpraxis-budde.de\/?page_id=16\">Weiterlesen <span class=\"meta-nav\">&rarr;<\/span><\/a><\/p>\n","protected":false},"author":1,"featured_media":0,"parent":0,"menu_order":5,"comment_status":"closed","ping_status":"closed","template":"","meta":{"ngg_post_thumbnail":0,"footnotes":""},"class_list":["post-16","page","type-page","status-publish","hentry"],"_links":{"self":[{"href":"https:\/\/www.naturheilpraxis-budde.de\/index.php?rest_route=\/wp\/v2\/pages\/16","targetHints":{"allow":["GET"]}}],"collection":[{"href":"https:\/\/www.naturheilpraxis-budde.de\/index.php?rest_route=\/wp\/v2\/pages"}],"about":[{"href":"https:\/\/www.naturheilpraxis-budde.de\/index.php?rest_route=\/wp\/v2\/types\/page"}],"author":[{"embeddable":true,"href":"https:\/\/www.naturheilpraxis-budde.de\/index.php?rest_route=\/wp\/v2\/users\/1"}],"replies":[{"embeddable":true,"href":"https:\/\/www.naturheilpraxis-budde.de\/index.php?rest_route=%2Fwp%2Fv2%2Fcomments&post=16"}],"version-history":[{"count":73,"href":"https:\/\/www.naturheilpraxis-budde.de\/index.php?rest_route=\/wp\/v2\/pages\/16\/revisions"}],"predecessor-version":[{"id":1794,"href":"https:\/\/www.naturheilpraxis-budde.de\/index.php?rest_route=\/wp\/v2\/pages\/16\/revisions\/1794"}],"wp:attachment":[{"href":"https:\/\/www.naturheilpraxis-budde.de\/index.php?rest_route=%2Fwp%2Fv2%2Fmedia&parent=16"}],"curies":[{"name":"wp","href":"https:\/\/api.w.org\/{rel}","templated":true}]}}