{"id":18,"date":"2013-02-21T23:01:06","date_gmt":"2013-02-21T22:01:06","guid":{"rendered":"http:\/\/naturheilpraxis-budde.de\/wp\/?page_id=18"},"modified":"2026-04-17T16:44:57","modified_gmt":"2026-04-17T15:44:57","slug":"kontakt","status":"publish","type":"page","link":"https:\/\/www.naturheilpraxis-budde.de\/?page_id=18","title":{"rendered":"Kontakt \/ Ihr Anliegen \/ Termine"},"content":{"rendered":"\n<p><\/p>\n\n\n<p style=\"text-align: left;\"><span style=\"font-size: 21px; font-family: Montserrat;\">Naturheilpraxis Horst W. Budde<\/span><br \/>\n<span style=\"font-family: Montserrat; font-size: 16px;\">Hundsr\u00fcggen 6<\/span><br \/>\n<span style=\"font-family: Montserrat; font-size: 16px;\">57462 Olpe OT Rhode&nbsp;&nbsp;&nbsp;&nbsp;&nbsp;&nbsp;&nbsp; Tel.: 02761\/62267&nbsp; &nbsp; &nbsp; &nbsp; E-Mail : h.budde@freenet.de<\/span><\/p>\n<p><em><span style=\"font-family: Montserrat; font-size: 17px;\"><strong>W\u00e4hrend den Behandlungen bin ich telefonisch aus arbeitstechnischen Gr\u00fcnden nur selten zu erreichen.&nbsp; <\/strong><\/span><\/em><\/p>\n<p><span style=\"font-family: Montserrat; font-size: 20px;\"><strong>Terminanfragen oder kurze Beratungsanrufe am besten per Telefon am Montag, Dienstag oder Donnerstag&nbsp; von 9:00 bis 10:00 Uhr ! <\/strong>Ansonsten sprechen Sie bitte auf den dauernd eingeschalteten Anrufbeantworter.<\/span><\/p>\n<p><strong><span style=\"font-family: Montserrat; font-size: 17px;\">Terminanfragen per<\/span> <span style=\"font-family: Montserrat;\">E-Mail bitte <\/span>an h.budde@freenet.de. <\/strong>Bitte benutzen Sie das unten angezeigte Formular. Die Mails werden einmal pro Tag gelesen und ggf. bearbeitet. Da E-Mails keine Sicherheit bez\u00fcglich Identit\u00e4t und Verschwiegenheit bieten, und ich Ihnen deshalb aus Gr\u00fcnden des Datenschutzes nicht antworten darf, teilen Sie mir bitte Ihre <strong>Telefonnummer und Adresse mit, damit ich mich <\/strong><span style=\"font-family: Montserrat;\"><strong>telefonisch bei Ihnen melden<\/strong> <strong>kann.<\/strong><br \/>\n<\/span><\/p>\n<p><strong><span style=\"font-family: Montserrat;\">Telefon- oder Videosprechstunden <\/span><\/strong><br \/>\nTelefon- oder Videosprechstunden halte ich nicht ab. Ich muss den Patienten sehen und ggf. untersuchen und abtasten k\u00f6nnen, um mehr von seinen Beschwerden und seinem Krankheitsbild erfahren zu k\u00f6nnen &#8211; auch bin ich kein Freund von Ferndiagnosen !&nbsp; Wichtige Therapie-Fragen k\u00f6nnen Sie aber per E- Mail an mich richten.&nbsp;<\/p>\n<p style=\"text-align: left;\">F\u00fcr Terminanfragen, Ihr Anliegen oder andere Belange&nbsp; k\u00f6nnen Sie mir hier gerne eine kurze Nachricht hinterlassen. Ich werde mich dann bei Ihnen melden :<\/p>\n\n<div class=\"wpcf7 no-js\" id=\"wpcf7-f1185-o1\" lang=\"de-DE\" dir=\"ltr\" data-wpcf7-id=\"1185\">\n<div class=\"screen-reader-response\"><p role=\"status\" aria-live=\"polite\" aria-atomic=\"true\"><\/p> <ul><\/ul><\/div>\n<form action=\"\/index.php?rest_route=%2Fwp%2Fv2%2Fpages%2F18#wpcf7-f1185-o1\" method=\"post\" class=\"wpcf7-form init\" aria-label=\"Kontaktformular\" novalidate=\"novalidate\" data-status=\"init\">\n<fieldset class=\"hidden-fields-container\"><input type=\"hidden\" name=\"_wpcf7\" value=\"1185\" \/><input type=\"hidden\" name=\"_wpcf7_version\" value=\"6.1.5\" \/><input type=\"hidden\" name=\"_wpcf7_locale\" value=\"de_DE\" \/><input type=\"hidden\" name=\"_wpcf7_unit_tag\" value=\"wpcf7-f1185-o1\" \/><input type=\"hidden\" name=\"_wpcf7_container_post\" value=\"0\" \/><input type=\"hidden\" name=\"_wpcf7_posted_data_hash\" value=\"\" \/>\n<\/fieldset>\n<p><label> Ihr Name<br \/>\n<span class=\"wpcf7-form-control-wrap\" data-name=\"your-name\"><input size=\"40\" maxlength=\"400\" class=\"wpcf7-form-control wpcf7-text wpcf7-validates-as-required\" autocomplete=\"name\" aria-required=\"true\" aria-invalid=\"false\" value=\"\" type=\"text\" name=\"your-name\" \/><\/span> <\/label><br \/>\n<label> Ihre E-Mail-Adresse<br \/>\n<span class=\"wpcf7-form-control-wrap\" data-name=\"your-email\"><input size=\"40\" maxlength=\"400\" class=\"wpcf7-form-control wpcf7-email wpcf7-validates-as-required wpcf7-text wpcf7-validates-as-email\" autocomplete=\"email\" aria-required=\"true\" aria-invalid=\"false\" value=\"\" type=\"email\" name=\"your-email\" \/><\/span> <\/label><br \/>\n<label> Ihre Telefonnummer<br \/>\n<span class=\"wpcf7-form-control-wrap\" data-name=\"tel-673\"><input size=\"40\" maxlength=\"400\" class=\"wpcf7-form-control wpcf7-tel wpcf7-validates-as-required wpcf7-text wpcf7-validates-as-tel\" aria-required=\"true\" aria-invalid=\"false\" value=\"\" type=\"tel\" name=\"tel-673\" \/><\/span> <\/label><br \/>\n<label> Betreff<br \/>\n<span class=\"wpcf7-form-control-wrap\" data-name=\"your-subject\"><input size=\"40\" maxlength=\"400\" class=\"wpcf7-form-control wpcf7-text wpcf7-validates-as-required\" aria-required=\"true\" aria-invalid=\"false\" value=\"\" type=\"text\" name=\"your-subject\" \/><\/span> <\/label>\n<\/p>\n<p><label> Ihre Nachricht (bitte tragen Sie auch Ihre Adresse hier ein)<br \/>\n<span class=\"wpcf7-form-control-wrap\" data-name=\"your-message\"><textarea cols=\"40\" rows=\"10\" maxlength=\"2000\" class=\"wpcf7-form-control wpcf7-textarea\" aria-invalid=\"false\" name=\"your-message\"><\/textarea><\/span> <\/label>\n<\/p>\n<p><input class=\"wpcf7-form-control wpcf7-submit has-spinner\" type=\"submit\" value=\"Senden\" \/>\n<\/p><div class=\"wpcf7-response-output\" aria-hidden=\"true\"><\/div>\n<\/form>\n<\/div>\n","protected":false},"excerpt":{"rendered":"<p>Naturheilpraxis Horst W. Budde Hundsr\u00fcggen 6 57462 Olpe OT Rhode&nbsp;&nbsp;&nbsp;&nbsp;&nbsp;&nbsp;&nbsp; Tel.: 02761\/62267&nbsp; &nbsp; &nbsp; &nbsp; E-Mail : h.budde@freenet.de W\u00e4hrend den Behandlungen bin ich telefonisch aus arbeitstechnischen Gr\u00fcnden nur selten zu erreichen.&nbsp; Terminanfragen oder kurze Beratungsanrufe am besten per Telefon am &hellip; <a href=\"https:\/\/www.naturheilpraxis-budde.de\/?page_id=18\">Weiterlesen <span class=\"meta-nav\">&rarr;<\/span><\/a><\/p>\n","protected":false},"author":1,"featured_media":0,"parent":0,"menu_order":9,"comment_status":"closed","ping_status":"closed","template":"","meta":{"ngg_post_thumbnail":0,"footnotes":""},"class_list":["post-18","page","type-page","status-publish","hentry"],"_links":{"self":[{"href":"https:\/\/www.naturheilpraxis-budde.de\/index.php?rest_route=\/wp\/v2\/pages\/18","targetHints":{"allow":["GET"]}}],"collection":[{"href":"https:\/\/www.naturheilpraxis-budde.de\/index.php?rest_route=\/wp\/v2\/pages"}],"about":[{"href":"https:\/\/www.naturheilpraxis-budde.de\/index.php?rest_route=\/wp\/v2\/types\/page"}],"author":[{"embeddable":true,"href":"https:\/\/www.naturheilpraxis-budde.de\/index.php?rest_route=\/wp\/v2\/users\/1"}],"replies":[{"embeddable":true,"href":"https:\/\/www.naturheilpraxis-budde.de\/index.php?rest_route=%2Fwp%2Fv2%2Fcomments&post=18"}],"version-history":[{"count":93,"href":"https:\/\/www.naturheilpraxis-budde.de\/index.php?rest_route=\/wp\/v2\/pages\/18\/revisions"}],"predecessor-version":[{"id":1818,"href":"https:\/\/www.naturheilpraxis-budde.de\/index.php?rest_route=\/wp\/v2\/pages\/18\/revisions\/1818"}],"wp:attachment":[{"href":"https:\/\/www.naturheilpraxis-budde.de\/index.php?rest_route=%2Fwp%2Fv2%2Fmedia&parent=18"}],"curies":[{"name":"wp","href":"https:\/\/api.w.org\/{rel}","templated":true}]}}