{"id":4,"date":"2013-02-21T22:53:16","date_gmt":"2013-02-21T21:53:16","guid":{"rendered":"http:\/\/naturheilpraxis-budde.de\/wp\/?page_id=4"},"modified":"2026-04-06T09:18:03","modified_gmt":"2026-04-06T08:18:03","slug":"herzlich-willkommen","status":"publish","type":"page","link":"https:\/\/www.naturheilpraxis-budde.de\/","title":{"rendered":"Herzlich Willkommen !"},"content":{"rendered":"\n<p>Herzlich Willkommen in meiner Praxis f\u00fcr Naturheilverfahren.<\/p>\n\n\n<div class=\"wp-block-image\">\n<figure class=\"alignleft\"><img loading=\"lazy\" decoding=\"async\" width=\"336\" height=\"253\" src=\"https:\/\/www.naturheilpraxis-budde.de\/wp\/wp-content\/uploads\/2013\/02\/SAM_0001.jpg\" alt=\"sam_0001\" class=\"wp-image-477\" srcset=\"https:\/\/www.naturheilpraxis-budde.de\/wp\/wp-content\/uploads\/2013\/02\/SAM_0001.jpg 336w, https:\/\/www.naturheilpraxis-budde.de\/wp\/wp-content\/uploads\/2013\/02\/SAM_0001-300x225.jpg 300w\" sizes=\"auto, (max-width: 336px) 100vw, 336px\" \/><\/figure>\n<\/div>\n\n\n<p>Seit 1984 bin ich, Horst W. Budde in eigener Praxis t\u00e4tig und ich w\u00fcrde mich freuen, wenn Sie mit mir einen kleinen Rundgang durch meine Praxis und meine Therapieverfahren machen w\u00fcrden.<\/p>\n\n\n\n<p>Ihr Zustand l\u00e4sst zu w\u00fcnschen \u00fcbrig &#8211; das beschwert Sie. Sie wollen etwas unternehmen, daher suchen Sie meinen Rat und meine Kenntnisse.<\/p>\n\n\n\n<p>Manche Beschwerden scheinen pl\u00f6tzlich aufgetaucht zu sein, doch im Allgemeinen gilt die Erfahrung:<\/p>\n\n\n\n<p>Schadwirkungen brauchen eine geraume Zeit, bis man sie sp\u00fcrt! Um das \u00dcbel zu beseitigen hat es keinen Wert, die alarmierenden Krankheitsanzeichen mit entsprechenden Medikamenten zuzudecken, sondern die Ursachen m\u00fcssen mit Ausdauer von Patient und Behandler beseitigt werden.<\/p>\n\n\n\n<p>Daher ist im Anfang immer eine gr\u00fcndliche Anamnese sowie eine gr\u00fcndliche k\u00f6rperliche Untersuchung notwendig.<\/p>\n\n\n\n<p>Zur Erstuntersuchung sollten Sie also ca. 1 Stunde Zeit mitbringen !<br><\/p>\n\n\n\n<p>Mit freundlichen Gr\u00fc\u00dfen<\/p>\n\n\n\n<h3 class=\"wp-block-heading\">Ihr Horst Budde<\/h3>\n\n\n\n<p><\/p>\n\n\n\n<figure class=\"wp-block-image size-large is-resized\"><a href=\"https:\/\/www.naturheilpraxis-budde.de\/wp\/wp-content\/uploads\/2026\/03\/Apothekeklein.-JPG.jpg\"><img loading=\"lazy\" decoding=\"async\" width=\"94\" height=\"95\" src=\"https:\/\/www.naturheilpraxis-budde.de\/wp\/wp-content\/uploads\/2026\/03\/Apothekeklein.-JPG.jpg\" alt=\"\" class=\"wp-image-1729\" style=\"aspect-ratio:0.9895052700129718;width:87px;height:auto\"\/><\/a><\/figure>\n\n\n\n<figure class=\"wp-block-image size-full is-style-rounded\"><a href=\"https:\/\/www.naturheilpraxis-budde.de\/wp\/wp-content\/uploads\/2026\/03\/grafik-2.png\"><img loading=\"lazy\" decoding=\"async\" width=\"199\" height=\"60\" src=\"https:\/\/www.naturheilpraxis-budde.de\/wp\/wp-content\/uploads\/2026\/03\/grafik-2.png\" alt=\"\" class=\"wp-image-1717\"\/><\/a><\/figure>\n\n\n\n<figure class=\"wp-block-image size-large\"><a href=\"https:\/\/www.naturheilpraxis-budde.de\/wp\/wp-content\/uploads\/2026\/03\/grafik.png\"><img loading=\"lazy\" decoding=\"async\" width=\"199\" height=\"60\" src=\"https:\/\/www.naturheilpraxis-budde.de\/wp\/wp-content\/uploads\/2026\/03\/grafik.png\" alt=\"\" class=\"wp-image-1712\"\/><\/a><\/figure>\n\n\n\n<figure class=\"wp-block-image size-large is-resized\"><a href=\"https:\/\/www.naturheilpraxis-budde.de\/wp\/wp-content\/uploads\/2026\/03\/grafik-1.png\"><img loading=\"lazy\" decoding=\"async\" width=\"32\" height=\"48\" src=\"https:\/\/www.naturheilpraxis-budde.de\/wp\/wp-content\/uploads\/2026\/03\/grafik-1.png\" alt=\"\" class=\"wp-image-1714\" style=\"width:62px;height:auto\"\/><\/a><\/figure>\n\n\n\n<figure class=\"wp-block-gallery has-nested-images columns-default is-cropped wp-block-gallery-1 is-layout-flex wp-block-gallery-is-layout-flex\"><\/figure>\n\n\n\n<blockquote class=\"wp-block-quote is-layout-flow wp-block-quote-is-layout-flow\">\n<p><\/p>\n<\/blockquote>\n\n\n\n<figure class=\"wp-block-gallery has-nested-images columns-default is-cropped wp-block-gallery-2 is-layout-flex wp-block-gallery-is-layout-flex\"><\/figure>\n\n\n\n<p><em>&#8222;Die Gesundheit ist nicht alles, aber ohne Gesundheit ist alles nichts.&#8220;<\/em>         <em>  <\/em> (<em>Schopenhauer<\/em>)<\/p>\n\n\n\n<img decoding=\"async\" src=\"https:\/\/www.naturheilpraxis-budde.de\/wp\/wp-content\/uploads\/2024\/03\/jameda.jpg\"align=\"right\">\n\n\n\n<h2 class=\"wp-block-heading\">Weitere Bewertungen finden Sie bei <a href=\"https:\/\/www.jameda.de\/horst-w-budde\/heilpraktiker\/olpe#profile-reviews\" target=\"_blank\" rel=\"noreferrer noopener\">Jameda<\/a>.<\/h2>\n\n\n\n<p>Seit 1984 Kompetenz und Erfahrung auf dem Gebiet der Naturheilkunde und ganzheitlichen Medizin.<br><\/p>\n\n\n\n<p><\/p>\n\n\n\n<h2 class=\"wp-block-heading\"><\/h2>\n","protected":false},"excerpt":{"rendered":"<p>Herzlich Willkommen in meiner Praxis f\u00fcr Naturheilverfahren. Seit 1984 bin ich, Horst W. Budde in eigener Praxis t\u00e4tig und ich w\u00fcrde mich freuen, wenn Sie mit mir einen kleinen Rundgang durch meine Praxis und meine Therapieverfahren machen w\u00fcrden. Ihr Zustand &hellip; <a href=\"https:\/\/www.naturheilpraxis-budde.de\/\">Weiterlesen <span class=\"meta-nav\">&rarr;<\/span><\/a><\/p>\n","protected":false},"author":1,"featured_media":1201,"parent":0,"menu_order":1,"comment_status":"closed","ping_status":"closed","template":"","meta":{"ngg_post_thumbnail":0,"footnotes":""},"class_list":["post-4","page","type-page","status-publish","has-post-thumbnail","hentry"],"_links":{"self":[{"href":"https:\/\/www.naturheilpraxis-budde.de\/index.php?rest_route=\/wp\/v2\/pages\/4","targetHints":{"allow":["GET"]}}],"collection":[{"href":"https:\/\/www.naturheilpraxis-budde.de\/index.php?rest_route=\/wp\/v2\/pages"}],"about":[{"href":"https:\/\/www.naturheilpraxis-budde.de\/index.php?rest_route=\/wp\/v2\/types\/page"}],"author":[{"embeddable":true,"href":"https:\/\/www.naturheilpraxis-budde.de\/index.php?rest_route=\/wp\/v2\/users\/1"}],"replies":[{"embeddable":true,"href":"https:\/\/www.naturheilpraxis-budde.de\/index.php?rest_route=%2Fwp%2Fv2%2Fcomments&post=4"}],"version-history":[{"count":85,"href":"https:\/\/www.naturheilpraxis-budde.de\/index.php?rest_route=\/wp\/v2\/pages\/4\/revisions"}],"predecessor-version":[{"id":1802,"href":"https:\/\/www.naturheilpraxis-budde.de\/index.php?rest_route=\/wp\/v2\/pages\/4\/revisions\/1802"}],"wp:featuredmedia":[{"embeddable":true,"href":"https:\/\/www.naturheilpraxis-budde.de\/index.php?rest_route=\/wp\/v2\/media\/1201"}],"wp:attachment":[{"href":"https:\/\/www.naturheilpraxis-budde.de\/index.php?rest_route=%2Fwp%2Fv2%2Fmedia&parent=4"}],"curies":[{"name":"wp","href":"https:\/\/api.w.org\/{rel}","templated":true}]}}